/32)*5. Calculate the highest common factor of 20 and s.
20
Let b = 3 - 1. Suppose -4*k - b*j = -576, -3*k + 4*j + 0*j + 432 = 0. Let l be 72/90*(945/6)/7. Calculate the greatest common factor of l and k.
18
Let g = -54 - -59. Suppose g*i + 2*s = -2*s + 5, 0 = 5*i - 5*s - 5. Let p(y) = 10*y - 1. Let h be p(1). What is the greatest common factor of i and h?
1
Let t = -105 - -238. Suppose -5*c + 936 = j, 0 = -c + 2*j + t + 52. Calculate the greatest common divisor of 17 and c.
17
Let h be 2/(-4) + (-3807)/18. Let f = h + 377. Calculate the highest common divisor of f and 30.
15
Let n(g) be the second derivative of g**3 - 11/2*g**2 + 7*g + 0. Let s be n(5). What is the greatest common factor of s and 171?
19
Let o = 195 - 180. Let y = o - -97. Let i be (-4)/((-1)/(3 + 1)). Calculate the highest common divisor of i and y.
16
Let d(f) = f**3 - 10*f**2 - 2*f + 3. Let m be d(10). Let l be 24/56 - m/(-7). Let a be (4/(-10))/(l/100). What is the greatest common factor of 5 and a?
5
Suppose -3*i + 181 + 53 = 0. Suppose t + 1 + 3 = 3*b, -4*b = 3*t - 27. Suppose i = t*u - 22. What is the highest common divisor of 10 and u?
10
Let l be 27/(-2) + (-10)/20. Let c be (-418)/l + 3/21. Suppose 5 = w - c. Calculate the greatest common divisor of 5 and w.
5
Let p be (-180)/108 + 41/3. What is the greatest common divisor of 972 and p?
12
Suppose -6*o = -11*o + 35. Let y(w) = -w**3 + 7*w**2 + w + 3. Let h be y(o). What is the greatest common factor of 15 and h?
5
Let f be 52/8 - 3/(-6). Let d be 6/(-3) + 75 + f. Calculate the highest common factor of d and 10.
10
Suppose -14*m + 4681 = -695. Calculate the highest common factor of 3 and m.
3
Suppose -4*i + 7*x + 348 = 10*x, 5*i - 5*x = 400. Calculate the highest common divisor of 60 and i.
12
Suppose 5*x - 3*x + 8 = -4*z, -5*x - z = 38. Let y be x - -10 - (1 + -7). Suppose -4 = 2*q, 4*h - 2*q - q = 14. What is the greatest common factor of y and h?
2
Suppose -3*s + 248 = 62. What is the highest common factor of s and 248?
62
Suppose -65*u = a - 61*u - 15, 6 = -2*u. What is the greatest common factor of a and 297?
27
Let q(u) = -6*u**3 - 3*u**2 - u + 2. Let a be q(-3). Let j be ((-39)/(-26))/(2/a). What is the highest common divisor of 35 and j?
35
Suppose -t = 2*x + 30, 5*x - 101 = -0*t + 3*t. Let q = 44 + t. Calculate the greatest common divisor of q and 84.
12
Let w = 1 + 13. Suppose 0 = -d - 4*p + 2, 3*p - p = d - w. Suppose 0 + 6 = 3*k. Calculate the greatest common divisor of k and d.
2
Suppose -p - 310 = -499. Let o be (-109)/(-4) + 2/(-8). Calculate the greatest common factor of p and o.
27
Let u = 54 + -13. Calculate the greatest common divisor of 205 and u.
41
Suppose -t = -5*h - 0 + 19, h + 5 = -2*t. What is the greatest common factor of 75 and h?
3
Let t be 3/12 + 33/12. Let g be t*2 + (15 - 15). Calculate the greatest common divisor of g and 2.
2
Suppose z = -2*g - 4 + 9, -5*g + 11 = 4*z. Let c be ((-10)/3 + 2)*g - -235. Calculate the highest common factor of 33 and c.
33
Let z(n) = -5*n - n - 4 + 4*n + 2*n**2 + 3*n**2. Let p be z(2). Calculate the greatest common divisor of 60 and p.
12
Let d be ((-1155)/6)/11*(-4)/7. Suppose 0 = -k + 2*z + 72, 5*k - 256 = 4*z + 128. What is the highest common factor of d and k?
10
Let h be ((-8)/(-16))/(0 - -1)*-32. Let r be ((-150)/(-20))/(6/h*-1). Calculate the greatest common divisor of 160 and r.
20
Suppose 5*u - z = 4 + 96, -2*u + 22 = -4*z. Calculate the highest common divisor of u and 441.
21
Let x(d) = 5*d - 1. Let h be x(13). Let r be (0 - 8)/((-4)/h). Let c = r - 88. Calculate the highest common divisor of c and 8.
8
Suppose 4*n - b = 181, 0 = -5*n + 3*b + 35 + 193. Let l = 989 - 959. Calculate the greatest common divisor of l and n.
15
Let g = -23 + 85. Suppose -g = -3*h + 64. Let v be 14*-1*(-6)/12. Calculate the highest common divisor of v and h.
7
Suppose -478 = -33*w + 9224. Calculate the highest common divisor of 105 and w.
21
Let v = 8 + 17. Suppose -22*d + 18*d + 488 = 5*b, 3*b = -2*d + 294. Calculate the greatest common divisor of v and b.
25
Let m be 8*19/(-4)*-2. What is the highest common factor of m and 171?
19
Suppose -138 = 135*w - 141*w. What is the highest common factor of w and 23?
23
Suppose 0 = 3*s + 2 + 13. Let d be (112/40)/((-2)/s). Let f(y) = y**3 - 6*y**2 + 3*y - 4. Let b be f(6). What is the highest common factor of d and b?
7
Suppose -54*t = -57*t + 384. Calculate the highest common divisor of 16 and t.
16
Suppose 4*b + 2186 = -0*g + 2*g, -4*b + 5*g - 2171 = 0. Let n = -325 - b. Suppose 0*x = -5*x + 140. What is the greatest common factor of x and n?
28
Suppose -55 = -3*g - 22. Let b = 27 - 5. Calculate the greatest common factor of g and b.
11
Let r be 20/(-130) + 160/26. Suppose 10 + r = w. Suppose -14 = -4*y + 146. Calculate the greatest common divisor of y and w.
8
Let z = 2215 + -1004. What is the highest common factor of 7 and z?
7
Let f be 5/10 + 15/6. Suppose f*d = -d + 72. What is the highest common divisor of d and 144?
18
Let y = -53 + 81. Let k(p) = -4 + 17 - 852*p + 42 + 853*p. Let i be k(-13). Calculate the greatest common factor of i and y.
14
Suppose 4*t - 3*d + 6 = -0*d, -2*t = 5*d + 16. Let n(p) = -p**2 - 12*p - 7. Let v be n(t). What is the greatest common divisor of 80 and v?
20
Let g = -161 - -287. What is the greatest common divisor of g and 84?
42
Suppose -3*t + 255 = -w + 4, -429 = -5*t - w. Calculate the greatest common divisor of 119 and t.
17
Let n = -165 - -165. Suppose n = 6*j - 60 - 48. What is the greatest common factor of 9 and j?
9
Suppose 2*f = -4*k - 3*f + 28, 2*k - 4*f - 40 = 0. Calculate the greatest common divisor of k and 138.
6
Suppose m = 5*m - 440. Suppose -11*n + m = -6*n. Suppose 4*w - 7 = -4*b + 29, 0 = -4*w + 3*b + n. What is the highest common divisor of w and 21?
7
Let x be 4/(-6) - 87/(-9). Let v = 100 - 98. Let a be 4/v*2/4. Calculate the greatest common divisor of x and a.
1
Suppose 284*a = 293*a - 486. What is the greatest common divisor of 900 and a?
18
Let d(n) = -3*n + 3. Let w be d(-9). Suppose -k - 8 = -30. Let i = w + k. Calculate the highest common divisor of 78 and i.
26
Let o be (14 - 2)*3/(-6). Let u(s) = -17*s + 2. Let a be u(o). Suppose 2*p - 2*w = a, p - 193 = -3*p - w. Calculate the greatest common factor of p and 7.
7
Suppose 6 + 0 = 3*a. Let n be (16/10)/(a/215). Let q = n - 88. What is the highest common factor of 12 and q?
12
Let l be (-2835)/6*3*(-16)/60. What is the highest common divisor of 108 and l?
54
Suppose 0*i + 512 = 4*i - 2*n, -3*i - 4*n + 362 = 0. Let j(k) = 5*k**2 - 6*k - 20. Let q be j(-4). What is the highest common factor of q and i?
42
Let t be -35*(-4 + 399/(-15)). Calculate the greatest common factor of 459 and t.
153
Suppose -7*j + 36*t - 35*t = -1217, -2*j = -2*t - 346. Calculate the highest common divisor of 1334 and j.
58
Let t be (-280*1)/(166/(-581)). Calculate the greatest common divisor of 20 and t.
20
Let f(w) = w + 10. Let t(h) = -h**2 - 10*h + 15. Let o be t(-12). Let c be f(o). Let z = c + 12. What is the greatest common factor of z and 143?
13
Let s be 99/66 - ((-555)/2 + -1). Calculate the greatest common divisor of s and 28.
28
Let r be (3 + -5)/(1/(-1)). Let w(j) = -6 + 0 + 116*j - r + 2. Let n be w(3). What is the greatest common factor of 38 and n?
38
Suppose 3*y = 3*q + 5*y - 288, 0 = -2*q - 3*y + 197. Let i = q - 40. What is the greatest common divisor of i and 135?
27
Let w(z) = 2*z + 11. Let u = 28 + -21. Let m be w(u). Suppose 0 = x + 4*r - 5, x + 4*r = 6*x - 145. Calculate the greatest common divisor of x and m.
25
Let q(x) = -x**3 - 15*x**2 + 14*x - 28. Suppose -i + 2*z = 26, 89 = -4*i + z + 4*z. Let j be q(i). What is the greatest common divisor of 20 and j?
4
Suppose -496*i + 17 = -495*i. Calculate the greatest common factor of 1564 and i.
17
Let w be (-1)/((3/3)/(-20)). Let c = 345 - 205. Calculate the greatest common factor of w and c.
20
Let t be ((-12)/5)/((-165)/36850). What is the greatest common divisor of t and 8?
8
Let t = -96 - -60. Let z = -16 - t. Suppose 4*s - 3*f - 228 = -0*s, -3*s + f = -176. Calculate the highest common divisor of s and z.
20
Let g(b) = b + 4. Suppose -4*m + 28 = 3*m. Let n be g(m). What is the greatest common factor of 16 and n?
8
Let s = -7 + 35. Let v = 54 + -19. Suppose -v = -6